{"type":"rich","html":"<div style=\"width: 640; height: 426; font-family: sans-serif,arial,freesans;\" ><div id=\"shared_container_1110777889\" class=\"shared_container\"><div id=\"shared_header_1110777889\" class=\"shared_header\"><a href=\"https:\/\/hub.hubzilla.de\/channel\/thb-media\"><img src=\"https:\/\/klacker.org\/photo\/profile\/s\/60\" alt=\"thb-media-public\" height=\"32\" width=\"32\" loading=\"lazy\" \/><\/a><span><a href=\"https:\/\/hub.hubzilla.de\/channel\/thb-media\">thb-media-public<\/a>  wrote the following  <a href=\"https:\/\/klacker.org\/item\/dc82b306-2944-4699-8656-3e0336fdbcc8\">post <\/a><span class=\"autotime\" title=\"2026-02-16T10:25:12+01:00\">Mon, 16 Feb 2026 10:25:12 +0100<\/span><\/span><\/div><div id=\"reshared-content-1110777889\" class=\"reshared-content\"><strong>Rede von US-Au\u00dfenminister Marco Rubio bei der M\u00fcnchner Sicherheitskonferenz<\/strong><br \/>Hier folgend, der Link zur Ver\u00f6ffentlichung der US-Regierung mit <strong>Video und Abdruck der Rede<\/strong> des US-Au\u00dfenministers <a href=\"https:\/\/de.wikipedia.org\/wiki\/Marco_Rubio\" target=\"_blank\" rel=\"nofollow noopener\">Marco Rubio (Wikipedia)<\/a> auf der M\u00fcnchner Sicherheitskonferenz (MSC) am 14. Februar 2026. Link zum Original der Rede (EN) von <em>&quot;<strong><a href=\"https:\/\/www.state.gov\/releases\/office-of-the-spokesperson\/2026\/02\/secretary-of-state-marco-rubio-at-the-munich-security-conference\/\" target=\"_blank\" rel=\"nofollow noopener\">Secretary of State Marco Rubio at the Munich Security Conference<\/a><\/strong>&quot;<\/em>. Eine \u00dcbersetzung ins Deutsche ist in diesem, \u2192<em><strong><a href=\"https:\/\/klacker.org\/cloud\/thb-media\/2026-02\/260214-us-secr-state-marco%20rubio%20at%20msc-en_de-deepl-compr.pdf\" target=\"_blank\" rel=\"nofollow noopener\">PDF<\/a><\/strong><\/em> zu finden (maschinen-\u00fcbersetzt mit <a href=\"https:\/\/www.deepl.com\/de\/translator\/files\" target=\"_blank\" rel=\"nofollow noopener\">DeepL<\/a>, gut aber ohne Gew\u00e4hr).&nbsp;&nbsp;<br \/>Das Grundrauschen der Rede von Rubio bestand aus einem Appell an die Verfolgung gemeinsamer Ziele um den Westen wieder stark zu machen. Er bem\u00fchte dazu einen Mix an gequirlter Geschichtsklitterung. Er benennt Auswirkungen der kapitalistischen Krisen, und sieht deren Ursachen bei Migration, unkontrollierter Einwanderung, Klimawandelangst und den falschen Entscheidungen f\u00fcr globale Ordnung und Sozialstaat. etc. <strong>Das alles ist gepaart mit rassistischer, christlich religi\u00f6ser, imperialistischer Kreuzzugsrethorik, mit der Aufforderung zur Gefolgschaft unter der Trump-Regierung und zwischen den Zeilen steht der bedrohliche Entzug der Zuneigung bei Nichtbefolgung<\/strong>.&nbsp;&nbsp;<br \/>Die versammelte europ\u00e4ische Polit-Elite zollt einem solchen Hasardeur und Politkarrieristen, der sich bereits als Pr\u00e4sidentschaftskandidat profiliert, falls mit Trump noch etwas schiefgehen sollte, zum Teil noch stehend Beifall. Das l\u00e4sst sich nur mit der Selbsterkenntnis der eigenen, selbstverschuldeten Gefangenschaft in j\u00e4mmerlichen kleinstaatlichen Nationalegoismen erkl\u00e4ren. Diese Erkenntnis d\u00e4mmert ihnen erst jetzt, nachdem sie durch Trump aus dem ach so gem\u00fctlich profitablen Rektum der US-Verteidigungspolitik vertrieben wurden. Da stehen sie nun, zitternd, wollen ihre US-Domina bei Laune halten und tr\u00e4umen vom aufm\u00fcpfigen Gang eines Zuh\u00e4lters europ\u00e4ischer Interessen \u2013 nat\u00fcrlich jeder f\u00fcr sich (auch wenn sie etwas anderes sagen)!<br \/>Gest\u00e4rkt durch diesen Beifall betreibt Rubio anschlie\u00dfend Realpolitik und besucht zun\u00e4chst die entschiedensten antidemokratischen Regierungen in der EU, in der Slowakei und in Ungarn.<\/div><\/div><br \/><\/div>","width":640,"height":426}

<div style="width: 640; height: 426; font-family: sans-serif,arial,freesans;" ><div id="shared_container_1110777889" class="shared_container"><div id="shared_header_1110777889" class="shared_header"><a href="https://hub.hubzilla.de/channel/thb-media"><img src="https://klacker.org/photo/profile/s/60" alt="thb-media-public" height="32" width="32" loading="lazy" /></a><span><a href="https://hub.hubzilla.de/channel/thb-media">thb-media-public</a>  wrote the following  <a href="https://klacker.org/item/dc82b306-2944-4699-8656-3e0336fdbcc8">post </a><span class="autotime" title="2026-02-16T10:25:12+01:00">Mon, 16 Feb 2026 10:25:12 +0100</span></span></div><div id="reshared-content-1110777889" class="reshared-content"><strong>Rede von US-Außenminister Marco Rubio bei der Münchner Sicherheitskonferenz</strong><br />Hier folgend, der Link zur Veröffentlichung der US-Regierung mit <strong>Video und Abdruck der Rede</strong> des US-Außenministers <a href="https://de.wikipedia.org/wiki/Marco_Rubio" target="_blank" rel="nofollow noopener">Marco Rubio (Wikipedia)</a> auf der Münchner Sicherheitskonferenz (MSC) am 14. Februar 2026. Link zum Original der Rede (EN) von <em>&quot;<strong><a href="https://www.state.gov/releases/office-of-the-spokesperson/2026/02/secretary-of-state-marco-rubio-at-the-munich-security-conference/" target="_blank" rel="nofollow noopener">Secretary of State Marco Rubio at the Munich Security Conference</a></strong>&quot;</em>. Eine Übersetzung ins Deutsche ist in diesem, →<em><strong><a href="https://klacker.org/cloud/thb-media/2026-02/260214-us-secr-state-marco%20rubio%20at%20msc-en_de-deepl-compr.pdf" target="_blank" rel="nofollow noopener">PDF</a></strong></em> zu finden (maschinen-übersetzt mit <a href="https://www.deepl.com/de/translator/files" target="_blank" rel="nofollow noopener">DeepL</a>, gut aber ohne Gewähr).&nbsp;&nbsp;<br />Das Grundrauschen der Rede von Rubio bestand aus einem Appell an die Verfolgung gemeinsamer Ziele um den Westen wieder stark zu machen. Er bemühte dazu einen Mix an gequirlter Geschichtsklitterung. Er benennt Auswirkungen der kapitalistischen Krisen, und sieht deren Ursachen bei Migration, unkontrollierter Einwanderung, Klimawandelangst und den falschen Entscheidungen für globale Ordnung und Sozialstaat. etc. <strong>Das alles ist gepaart mit rassistischer, christlich religiöser, imperialistischer Kreuzzugsrethorik, mit der Aufforderung zur Gefolgschaft unter der Trump-Regierung und zwischen den Zeilen steht der bedrohliche Entzug der Zuneigung bei Nichtbefolgung</strong>.&nbsp;&nbsp;<br />Die versammelte europäische Polit-Elite zollt einem solchen Hasardeur und Politkarrieristen, der sich bereits als Präsidentschaftskandidat profiliert, falls mit Trump noch etwas schiefgehen sollte, zum Teil noch stehend Beifall. Das lässt sich nur mit der Selbsterkenntnis der eigenen, selbstverschuldeten Gefangenschaft in jämmerlichen kleinstaatlichen Nationalegoismen erklären. Diese Erkenntnis dämmert ihnen erst jetzt, nachdem sie durch Trump aus dem ach so gemütlich profitablen Rektum der US-Verteidigungspolitik vertrieben wurden. Da stehen sie nun, zitternd, wollen ihre US-Domina bei Laune halten und träumen vom aufmüpfigen Gang eines Zuhälters europäischer Interessen – natürlich jeder für sich (auch wenn sie etwas anderes sagen)!<br />Gestärkt durch diesen Beifall betreibt Rubio anschließend Realpolitik und besucht zunächst die entschiedensten antidemokratischen Regierungen in der EU, in der Slowakei und in Ungarn.</div></div><br /></div>
